{"id":310,"date":"2020-03-30T09:11:15","date_gmt":"2020-03-30T07:11:15","guid":{"rendered":"http:\/\/abobola.diecezja-pelplin.pl\/?page_id=310"},"modified":"2020-03-30T09:11:15","modified_gmt":"2020-03-30T07:11:15","slug":"wazniejsze-daty-z-zycia-i-dziejow-kultu-sw-andrzeja-boboli","status":"publish","type":"page","link":"https:\/\/abobola.diecezja-pelplin.pl\/index.php\/wazniejsze-daty-z-zycia-i-dziejow-kultu-sw-andrzeja-boboli\/","title":{"rendered":"WA\u017bNIEJSZE DATY Z \u017bYCIA I DZIEJ\u00d3W KULTU \u015aW. ANDRZEJA BOBOLI"},"content":{"rendered":"\n<figure class=\"wp-block-table is-style-stripes\"><table class=\"\"><tbody><tr><td>1591   <\/td><td>Urodzi\u0142 si\u0119 mi\u0119dzy sierpniem a grudniem w Strachocinie   ko\u0142o Sanoka   <\/td><\/tr><tr><td>1606-1611   <\/td><td>Uczy\u0142 si\u0119 w szkole jezuickiej w Braniewie.   <\/td><\/tr><tr><td>1611-1613   <\/td><td>31 lipca 1611 roku wst\u0105pi\u0142 do nowicjatu jezuit\u00f3w w   Wilnie. Sukni\u0119 zakonn\u0105 otrzyma\u0142 10 sierpnia 1611, \u015bluby zakonne z\u0142o\u017cy\u0142 31   lipca 1613.   <\/td><\/tr><tr><td>1613-1616   <\/td><td>Studiowa\u0142 filozofi\u0119 w Akademii Wile\u0144skiej.   <\/td><\/tr><tr><td>1616-1618   <\/td><td>Odbywa\u0142 praktyk\u0119 pedagogiczn\u0105 w szko\u0142ach jezuickich w   Braniewie i w Pu\u0142tusku.   <\/td><\/tr><tr><td>1618-1622   <\/td><td>Studiowa\u0142 teologi\u0119 w Akademii Wile\u0144skiej   <\/td><\/tr><tr><td>1622   <\/td><td>12 marca, w dniu kanonizacji Ignacego Loyoli,   Franciszka Ksawerego, Teresy z Avili, Izydora Oracza i Filipa Nereusza,   otrzyma\u0142 \u015bwi\u0119cenia kap\u0142a\u0144skie.   <\/td><\/tr><tr><td>1622-1624   <\/td><td>W Nie\u015bwie\u017cu odby\u0142 trzeci\u0105 probacj\u0119, a po jej   zako\u0144czeniu by\u0142 rektorem miejscowego ko\u015bcio\u0142a Jezuit\u00f3w.   <\/td><\/tr><tr><td>1624-1630   <\/td><td>Powr\u00f3ci\u0142 do Wilna &#8211; w ko\u015bciele \u015aw. Kazimierza by\u0142   kaznodziej\u0105 i spowiednikiem. W latach 1626-1630 pe\u0142ni\u0142 funkcj\u0119 rektora tego   ko\u015bcio\u0142a, od 1628 &#8211; doradcy prepozyta. 2 czerwca 1630 z\u0142o\u017cy\u0142 profesj\u0119   czterech \u015blub\u00f3w zakonnych.   <\/td><\/tr><tr><td>1630-1633   <\/td><td>W Bobrujsku nad Berezyn\u0105 pe\u0142ni\u0142 obowi\u0105zki superiora   domu zakonnego jezuit\u00f3w.   <\/td><\/tr><tr><td>1633-1636   <\/td><td>W P\u0142ocku na Mazowszu kierowa\u0142 Sodalicj\u0105 Maria\u0144sk\u0105   uczni\u00f3w kolegium.   <\/td><\/tr><tr><td>1636-1637   <\/td><td>By\u0142 kaznodziej\u0105 w ko\u015bciele Jezuit\u00f3w w Warszawie.   <\/td><\/tr><tr><td>1637-1638   <\/td><td>W P\u0142ocku by\u0142 prefektem Kolegium Jezuit\u00f3w i   kaznodziej\u0105.   <\/td><\/tr><tr><td>1638-1642   <\/td><td>Doradca rektora, kaznodzieja i dyrektor szko\u0142y   humanistycznej w \u0141om\u017cy.   <\/td><\/tr><tr><td>1642-1646   <\/td><td>Kaznodzieja, kierownik nauk, moderator Sodalicji Maria\u0144skiej   i misjonarz w Pi\u0144sku.   <\/td><\/tr><tr><td>1646-1652   <\/td><td>Kaznodzieja, wyk\u0142adowca, misjonarz w Wilnie w ko\u015bciele   \u015aw. Kazimierza.   <\/td><\/tr><tr><td>1652-1657   <\/td><td>Kaznodzieja w ko\u015bciele \u015aw. Stanis\u0142awa w Pi\u0144sku oraz   misjonarz Pi\u0144szczyzny. <br>W roku 1653 przebywa\u0142 w Po\u0142ocku. a w 1655 roku w Wilnie.<br>Otrzyma\u0142 przydomek \u201eAposto\u0142a Pi\u0144szczyzny&#8221; i \u201e\u0141owcy dusz&#8221;   <\/td><\/tr><tr><td>1657   <\/td><td>16 maja zamordowany przez kozak\u00f3w w Janowie Poleskim i   z\u0142o\u017cony w podziemiach ko\u015bcio\u0142a Jezuit\u00f3w w Pi\u0144sku.   <\/td><\/tr><tr><td>1702   <\/td><td>16 kwietnia ukaza\u0142 si\u0119 O. Marcinowi Godebskiemu,   rektorowi Kolegium Jezuit\u00f3w w Pi\u0144sku. Od\u017cy\u0142a pami\u0119\u0107 o jego \u015bmierci,   odnaleziono trumn\u0119 M\u0119czennika i wystawiono w ko\u015bciele.   <\/td><\/tr><tr><td>1755   <\/td><td>Papie\u017c Benedykt XIV orzek\u0142, \u017ce S\u0142uga Bo\u017cy Andrzej   Bobola poni\u00f3s\u0142 \u015bmier\u0107 za wiar\u0119 i zaliczy\u0142 go w poczet M\u0119czennik\u00f3w Ko\u015bcio\u0142a.   <\/td><\/tr><tr><td>1808   <\/td><td>Po oddaniu prawos\u0142awnym ko\u015bcio\u0142a Jezuit\u00f3w w Pi\u0144sku   cia\u0142o M\u0119czennika przewieziono do ko\u015bcio\u0142a Jezuit\u00f3w w Po\u0142ocku.   <\/td><\/tr><tr><td>1819   <\/td><td>Andrzej Bobola ukaza\u0142 si\u0119 o. Alojzemu Korzeniewskiemu,   w celi klasztoru 00. Dominikan\u00f3w w Wilnie zapowiadaj\u0105c wskrzeszenie Polski   s\u0142owami: \u201eb\u0119d\u0119 jej g\u0142\u00f3wnym patronem&#8221;.   <\/td><\/tr><tr><td>1830   <\/td><td>Relikwie M\u0119czennika przewieziono do ko\u015bcio\u0142a   Dominikan\u00f3w w Po\u0142ocku.   <\/td><\/tr><tr><td>1853   <\/td><td>30 pa\u017adziernika papie\u017c Pius IX beatyfikowa\u0142 Andrzeja   Bobol\u0119.   <\/td><\/tr><tr><td>1920   <\/td><td>Z polecenia kard. A. Katowskiego w dniach 6-15   sierpnia w obl\u0119\u017conej Warszawie odby\u0142y si\u0119 nowenny i procesje z relikwiami b\u0142.   Andrzeja Boboli i b\u0142. W\u0142adys\u0142awa z Gielniowa w intencji uproszenia zwyci\u0119stwa   nad bolszewikami. 15 sierpnia wojsko polskie odnios\u0142o zwyci\u0119stwo (\u201eCud nad   Wis\u0142\u0105&#8221;).   <\/td><\/tr><tr><td>1922   <\/td><td>20 lipca bolszewicy przewie\u017ali trumn\u0119 z relikwiami Andrzeja   Boboli z P\u0142ocka do gmachu Wystawy Higienicznej Ludowego Komisariatu Zdrowia w   Moskwie.   <\/td><\/tr><tr><td>1923   <\/td><td>Na pro\u015bb\u0119 papie\u017ca Piusa XI w\u0142adze sowieckie wyrazi\u0142y   zgod\u0119 na przewiezienie relikwii do Rzymu.   <\/td><\/tr><tr><td>1938   <\/td><td>17 kwietnia papie\u017c Pius XI kanonizowa\u0142 Andrzeja Bobol\u0119.   <\/td><\/tr><tr><td>1938   <\/td><td>8-17 czerwca trumn\u0119 z relikwiami sprowadzono z Rzymu   do Polski, 20 czerwca relikwie spocz\u0119\u0142y w kaplicy Jezuit\u00f3w przy ul.   Rakowieckiej w Warszawie.   <\/td><\/tr><tr><td>1939   <\/td><td>27 wrze\u015bnia trumn\u0119 z relikwiami przewieziono na Stare   Miasto do ko\u015bcio\u0142a Matki Bo\u017cej \u0141askawej.   <\/td><\/tr><tr><td>1944   <\/td><td>14 sierpnia relikwie przeniesiono do ko\u015bcio\u0142a \u015aw.   Jacka przy ul. Freta   <\/td><\/tr><tr><td>1945   <\/td><td>7 lutego trumna z relikwiami wr\u00f3ci\u0142a do kaplicy   Jezuit\u00f3w przy ul. Rakowieckiej.   <\/td><\/tr><tr><td>1980-1989   <\/td><td>Wybudowano Sanktuarium \u015aw. Andrzeja Boboli w   Warszawie.   <\/td><\/tr><tr><td>\n  &nbsp;\n  <\/td><td>13 maja 1989 roku umieszczono na sta\u0142e w prezbiterium   relikwie M\u0119czennika.   <\/td><\/tr><tr><td>1988   <\/td><td>17 kwietnia \u015bwi\u0119towano pi\u0119\u0107dziesi\u0105t\u0105 rocznic\u0119   kanonizacji \u015bw. Andrzeja.   <\/td><\/tr><tr><td>\n  &nbsp;\n  <\/td><td>19 czerwca obchodzono pi\u0119\u0107dziesi\u0119ciolecie obecno\u015bci   relikwii w o\u015brodku Jezuit\u00f3w w Warszawie.   <\/td><\/tr><tr><td>1990   <\/td><td>W maju odby\u0142a si\u0119 pierwsza po wojnie pielgrzymka do   Janowa Poleskiego i Pi\u0144ska \u015bladami \u015bw. Andrzeja Boboli.   <\/td><\/tr><tr><td>1991   <\/td><td>24 listopada, w ramach uroczysto\u015bci czterechsetlecia   urodzin \u015bw. Andrzeja, kard. J\u00f3zef Glemp, Prymas Polski, dokona\u0142 konsekracji   Sanktuarium.   <\/td><\/tr><tr><td>1992   <\/td><td>17 maja, dekretem Stolicy Apostolskiej z 14 kwietnia   1992 roku, \u015bw. Andrzej Bobola zosta\u0142 ustanowiony patronem Metropolii   Warszawskiej.   <\/td><\/tr><tr><td>\n  &nbsp;\n  <\/td><td>Powsta\u0142o i jednocze\u015bnie uzyska\u0142o osobowo\u015b\u0107 prawn\u0105   Stowarzyszenie Krzewienia Kultu \u015aw. Andrzeja Boboli (SKKAB), kt\u00f3re szerzy   kult \u015awi\u0119tego i organizuje rokrocznie w maju pielgrzymki \u201e\u015aladami \u015bw.   Andrzeja Boboli&#8221;   <\/td><\/tr><tr><td>1993   <\/td><td>14 i 15 maja odby\u0142y si\u0119 pierwsze uroczyste procesje w   obydwu diecezjach Stolicy dla uczczenia patrona Metropolii Warszawskiej.   <\/td><\/tr><tr><td>1997   <\/td><td>W maju &#8211; w 340 rocznic\u0119 m\u0119cze\u0144skiej \u015bmierci \u015bw. Andrzeja Boboli &#8211; odby\u0142a si\u0119 VIII pielgrzymka SKKAB \u201e\u015aladami \u015bw. Andrzeja   Boboli i dalej na wsch\u00f3d do Katynia&#8221;.   <\/td><\/tr><tr><td>1998   <\/td><td>17 kwietnia, 16 maja, 20 czerwca odby\u0142y si\u0119 w   Sanktuarium w Warszawie uroczysto\u015bci jubileuszowe ku czci \u015bw. Andrzeja Boboli   z okazji 60-lecia kanonizacji i sprowadzenia jego relikwii do Polski. We   wrze\u015bniu Jubileuszowa Pielgrzymka do Rzymu z okazji 60-lecia kanonizacji i   sprowadzenia integralnych relikwii \u015bw. Andrzeja Boboli do Polski. Po raz   pierwszy zabrano na pielgrzymk\u0119 SKKAB cz\u0105stkowe relikwie \u015awi\u0119tego   <\/td><\/tr><tr><td>1999   <\/td><td>14-16 maja odby\u0142y si\u0119 w Warszawie, podobnie jak w   latach ubieg\u0142ych, centralne uroczysto\u015bci ku czci \u015bw. Andrzeja Boboli.   <\/td><\/tr><tr><td>\n  &nbsp;\n  <\/td><td>14 &#8211; 22 maja odby\u0142a si\u0119 X Jubileuszowa Pielgrzymka   SKKAB do Janowa Poleskiego na Bia\u0142oru\u015b i na Litw\u0119. 13 czerwca Ojciec \u015awi\u0119ty   Jan Pawe\u0142 II podczas VII pielgrzymki do Polski po\u015bwi\u0119ci\u0142, w czasie uroczystej   Mszy \u015bw. na Placu Marsza\u0142ka J\u00f3zefa Pi\u0142sudskiego w Warszawie, tablic\u0119 dla   ko\u015bcio\u0142a w Janowie Poleskim ufundowan\u0105 przez SKKAB w ho\u0142dzie \u015bw. Andrzejowi   Boboli.   <\/td><\/tr><tr><td>\n  &nbsp;\n  <\/td><td>15-18 wrze\u015bnia odby\u0142a si\u0119 zorganizowana przez SKKAB   pielgrzymka z Warszawy do Strachociny, miejsca urodzin \u015awi\u0119tego   <\/td><\/tr><tr><td>Wielki Jubileusz Roku 2000   <\/td><td>13-17 maja odby\u0142a si\u0119 XI Pielgrzymka \u201e\u015aladami \u015bw.   Andrzeja Boboli&#8221; do Janowa Poleskiego w 343 rocznic\u0119 m\u0119cze\u0144skiej   \u015bmierci.   <\/td><\/tr><tr><td>Wielki Jubileusz Roku 2000   <\/td><td>21 maja. z okazji Wielkiego Jubileuszu Roku 2000 na   Placu Teatralnym w Warszawie, odby\u0142a si\u0119 Centralna Uroczysto\u015b\u0107 Jubileuszowa,   z kt\u00f3r\u0105 po\u0142\u0105czono tradycyjne obchody Andrzejowe.   <\/td><\/tr><tr><td>\n  &nbsp;\n  <\/td><td>12-15 wrze\u015bnia odby\u0142a si\u0119 XII pielgrzymka \u201e\u015aladami \u015bw.   Andrzeja Boboli&#8221; do Janowa Poleskiego. Kardyna\u0142 Kazimierz \u015awi\u0105tek   Metropolita Mi\u0144sko-Mohylewski i Administrator Apostolski Diecezji Pi\u0144skiej na   Bia\u0142orusi, po\u015bwi\u0119ci\u0142 odbudowany ko\u015bci\u00f3\u0142 p.w. Podwy\u017cszenia Krzy\u017ca \u015awi\u0119tego w   Janowie Poleskim i ods\u0142oni\u0142 tablic\u0119 ufundowan\u0105 przez SKKAB w ho\u0142dzie \u015bw.   Andrzejowi Boboli.   <\/td><\/tr><tr><td>\n  &nbsp;\n  <\/td><td>20 IX &#8211; 4 X SKKAB zorganizowa\u0142, tak\u017ce z okazji   Wielkiego Jubileuszu Roku 2000, pielgrzymk\u0119 ..Przez Turyn do Rzymu&#8221;.   SKKAB i pielgrzymi ofiarowali Ojcu \u015awi\u0119temu Janowi Paw\u0142owi II stu\u0142\u0119 z   wyhaftowanym wizerunkiem \u015bw. Andrzeja Boboli. Ojciec \u015awi\u0119ty na audiencji w   dniu 29 wrze\u015bnia na Placu \u015aw. Piotra w Rzymie pob\u0142ogos\u0142awi\u0142 sztandar SKKAB.   <\/td><\/tr><tr><td>2001   <\/td><td>17 IV w Warszawskim Sanktuarium \u015aw. Andrzeja Boboli   odby\u0142a si\u0119 uroczysta Msza \u015bw. z okazji 63 rocznicy kanonizacji \u015bw. Andrzeja   Boboli (w Rzymie w 1938 r.).   <\/td><\/tr><tr><td>\n  &nbsp;\n  <\/td><td>11-15 maja odby\u0142a si\u0119 XIII Pielgrzymka \u201e\u015aladami \u015bw.   Andrzeja Boboli&#8221; do Janowa Poleskiego na uroczysto\u015bci Andrzejowe. W dniu   13 maja w Katedrze Pi\u0144skiej p. w. Wniebowzi\u0119cia Naj\u015bwi\u0119tszej Marii Panny pod   przewodnictwem Kardyna\u0142a Kazimierza \u015awi\u0105tka odprawiona zosta\u0142a uroczysta Msza   \u015bw., upami\u0119tniaj\u0105ca:<br>   &#8211; 20 rocznic\u0119 zamachu na \u017cycie Ojca \u015awi\u0119tego Jana Paw\u0142a II i cudownego Jego   ocalenia,<br>   &#8211; 84 rocznic\u0119 pierwszego Objawienia Matki Bo\u017cej w Fatimie (w dniu 13 maja   1917 r.)<br>   &#8211; l rocznic\u0119 beatyfikacji Dzieci &#8211; Pastuszk\u00f3w<br>   z Fatimy Franciszka i Hiacynty Marto, w czasie kt\u00f3rej Ks. Kardyna\u0142 przekaza\u0142   cz\u0105stkowe relikwie \u015bw. Andrzeja Boboli ko\u015bcio\u0142owi w Janowie Poleskim po 55   latach przechowywania ich w Katedrze Pi\u0144skiej.<br>   W tym samym dniu w ko\u015bciele w Janowie odby\u0142a si\u0119 Msza \u015bw. poprzedzona   procesj\u0105 spod Krzy\u017cy miejsca pojmania Andrzeja Boboli &#8211; po\u0142\u0105czona z   uroczystym po\u015bwi\u0119ceniem figury \u015awi\u0119tego ufundowanej przez SKKAB z okazji 344   rocznicy jego m\u0119cze\u0144skiej \u015bmierci.<br>   Ofiarowana zosta\u0142a r\u00f3wnie\u017c ko\u015bcio\u0142owi w Janowie Poleskim figura Matki Bo\u017cej   Fatimskiej po\u015bwi\u0119cona w Fatimie w Kaplicy Objawie\u0144.   <\/td><\/tr><tr><td>\n  &nbsp;\n  <\/td><td>16-20 maja odby\u0142y si\u0119 tradycyjne uroczysto\u015bci ku czci   \u015bw. Andrzeja Boboli w Warszawie.   <\/td><\/tr><tr><td>2001   <\/td><td>15 XII w Warszawie &#8211; Konferencja ..Ze \u015bwi\u0119tym   Andrzejem Bobola w drodze ku jedno\u015bci na progu III Tysi\u0105clecia&#8221;   zorganizowana przez SKKAB razem z 00. Jezuitami pod patronatem J.E. J\u00f3zefa   Kardyna\u0142a Glempa Prymasa Polski.   <\/td><\/tr><tr><td>2002   <\/td><td>16 kwietnia o godz. 17:00 w Sanktuarium \u015aw. Andrzeja   Boboli w Warszawie &#8211; intronizacja Obrazu Zwyci\u0119skiej Kr\u00f3lowej R\u00f3\u017ca\u0144ca z   Kozielska, w 300-lecie kultu \u015bw. Andrzeja Boboli w czasie uroczystej Mszy \u015bw.   pod przewodnictwem J.E. Ks. Bpa Tadeusza Pikusa.   <\/td><\/tr><tr><td>\n  &nbsp;\n  <\/td><td>16 maja 2002 roku, o godzinie 17:00 uroczysta msza \u015bw.   w Sanktuarium \u015aw. Andrzeja Boboli w Warszawie, ul. Rakowiecka 61, pod   przewodnictwem Jego Eminencji J\u00f3zefa Kardyna\u0142a Glempa Prymasa Polski z okazji   og\u0142oszenia \u015awi\u0119tego Andrzeja Boboli Patronem Polski   <\/td><\/tr><tr><td>\n  &nbsp;\n  <\/td><td>Uroczysto\u015bci w Sanktuarium \u015aw. Andrzeja Boboli w   Warszawie, ul. Rakowiecka 61, godz. 17:00 &#8211; Uroczysta Msza \u015bwi\u0119ta pod   przewodnictwem Jego Eminencji, J\u00f3zefa Kardyna\u0142a Glempa, Prymasa Polski.   Po\u015bwi\u0119cenie organ\u00f3w piszcza\u0142kowych w Sanktuarium. Po Mszy \u015bwi\u0119tej otwarcie   wystawy malarstwa, grafiki i rze\u017aby \u201e\u015aw. Andrzej Bobola patronem ku jedno\u015bci   na progu III tysi\u0105clecia&#8221;.   <\/td><\/tr><tr><td>\n  &nbsp;\n  <\/td><td>17 maja 2002 &#8211; Uroczysto\u015bci w Diecezji   Warszawsko-Praskiej; godz. 15:30 &#8211; Sanktuarium \u015aw. Andrzeja Boboli &#8211;   przekazanie Relikwii do Diecezji Warszawsko-Praskiej. godz. 17\u00b0\u00b0 &#8211; Procesja i   uroczysta Msza \u015bwi\u0119ta w katedrze \u015bw. Floriana na Pradze z udzia\u0142em Episkopatu   Polski. godz. 19 &#8211; Czuwanie modlitewne w katedrze \u015bw. Floriana. godz. 20:00 &#8211;   Sanktuarium \u015aw. Andrzeja Boboli &#8211; Recital Organowy z okazji og\u0142oszenia \u015bw.   Andrzeja Boboli Patronem Polski w wykonaniu\u00a0<em>prof. Andrzeja Chorosi\u0144skiego.<\/em>   <\/td><\/tr><tr><td>\n  &nbsp;\n  <\/td><td>18 maja 2002 &#8211; godz. 16:30 &#8211; Procesja spod Krzy\u017ca   Traugutta na Rynek Nowego Miasta. Uroczysta Msza \u015bwi\u0119ta z udzia\u0142em Episkopatu   Polski.   <\/td><\/tr><tr><td>\n  &nbsp;\n  <\/td><td>19 maja 2002 &#8211; Uroczysto\u015bci w Sanktuarium \u015aw. Andrzeja   Boboli; godz. 13:00 &#8211; Uroczysta Msza \u015bw. odpustowa w intencji parafian i   czcicieli \u015bw. Andrzeja Boboli. Oddanie czci relikwiom Patrona Polski. godz.   18:00 &#8211; Uroczysty Recital Organowy w wykonaniu\u00a0<em>Jerzego Kukli.<\/em>   <\/td><\/tr><\/tbody><\/table><\/figure>\n\n\n\n<p>opr. ab\/ab<\/p>\n\n\n\n<p>Copyright \u00a9 by Ojcowie Jezuici<\/p>\n<div class=\"pvc_clear\"><\/div><p id=\"pvc_stats_310\" class=\"pvc_stats all  \" data-element-id=\"310\" style=\"\"><i class=\"pvc-stats-icon small\" aria-hidden=\"true\"><svg xmlns=\"http:\/\/www.w3.org\/2000\/svg\" version=\"1.0\" viewBox=\"0 0 502 315\" preserveAspectRatio=\"xMidYMid meet\"><g transform=\"translate(0,332) scale(0.1,-0.1)\" fill=\"\" stroke=\"none\"><path d=\"M2394 3279 l-29 -30 -3 -207 c-2 -182 0 -211 15 -242 39 -76 157 -76 196 0 15 31 17 60 15 243 l-3 209 -33 29 c-26 23 -41 29 -80 29 -41 0 -53 -5 -78 -31z\"\/><path d=\"M3085 3251 c-45 -19 -58 -50 -96 -229 -47 -217 -49 -260 -13 -295 52 -53 146 -42 177 20 16 31 87 366 87 410 0 70 -86 122 -155 94z\"\/><path d=\"M1751 3234 c-13 -9 -29 -31 -37 -50 -12 -29 -10 -49 21 -204 19 -94 39 -189 45 -210 14 -50 54 -80 110 -80 34 0 48 6 76 34 21 21 34 44 34 59 0 14 -18 113 -40 219 -37 178 -43 195 -70 221 -36 32 -101 37 -139 11z\"\/><path d=\"M1163 3073 c-36 -7 -73 -59 -73 -102 0 -56 133 -378 171 -413 34 -32 83 -37 129 -13 70 36 67 87 -16 290 -86 209 -89 214 -129 231 -35 14 -42 15 -82 7z\"\/><path d=\"M3689 3066 c-15 -9 -33 -30 -42 -48 -48 -103 -147 -355 -147 -375 0 -98 131 -148 192 -74 13 15 57 108 97 206 80 196 84 226 37 273 -30 30 -99 39 -137 18z\"\/><path d=\"M583 2784 c-38 -19 -67 -74 -58 -113 9 -42 211 -354 242 -373 16 -10 45 -18 66 -18 51 0 107 52 107 100 0 39 -1 41 -124 234 -80 126 -108 162 -133 173 -41 17 -61 16 -100 -3z\"\/><path d=\"M4250 2784 c-14 -9 -74 -91 -133 -183 -95 -150 -107 -173 -107 -213 0 -55 33 -94 87 -104 67 -13 90 8 211 198 130 202 137 225 78 284 -27 27 -42 34 -72 34 -22 0 -50 -8 -64 -16z\"\/><path d=\"M2275 2693 c-553 -48 -1095 -270 -1585 -649 -135 -104 -459 -423 -483 -476 -23 -49 -22 -139 2 -186 73 -142 361 -457 571 -626 285 -228 642 -407 990 -497 242 -63 336 -73 660 -74 310 0 370 5 595 52 535 111 1045 392 1455 803 122 121 250 273 275 326 19 41 19 137 0 174 -41 79 -309 363 -465 492 -447 370 -946 591 -1479 653 -113 14 -422 18 -536 8z m395 -428 c171 -34 330 -124 456 -258 112 -119 167 -219 211 -378 27 -96 24 -300 -5 -401 -72 -255 -236 -447 -474 -557 -132 -62 -201 -76 -368 -76 -167 0 -236 14 -368 76 -213 98 -373 271 -451 485 -162 444 86 934 547 1084 153 49 292 57 452 25z m909 -232 c222 -123 408 -262 593 -441 76 -74 138 -139 138 -144 0 -16 -233 -242 -330 -319 -155 -123 -309 -223 -461 -299 l-81 -41 32 46 c18 26 49 83 70 128 143 306 141 649 -6 957 -25 52 -61 116 -79 142 l-34 47 45 -20 c26 -10 76 -36 113 -56z m-2057 25 c-40 -58 -105 -190 -130 -263 -110 -324 -59 -707 132 -981 25 -35 42 -64 37 -64 -19 0 -241 119 -326 174 -188 122 -406 314 -532 468 l-58 71 108 103 c185 178 428 349 672 473 66 33 121 60 123 61 2 0 -10 -19 -26 -42z\"\/><path d=\"M2375 1950 c-198 -44 -350 -190 -395 -379 -18 -76 -8 -221 19 -290 114 -284 457 -406 731 -260 98 52 188 154 231 260 27 69 37 214 19 290 -38 163 -166 304 -326 360 -67 23 -215 33 -279 19z\"\/><\/g><\/svg><\/i> <img loading=\"lazy\" decoding=\"async\" width=\"16\" height=\"16\" alt=\"Loading\" src=\"https:\/\/abobola.diecezja-pelplin.pl\/wp-content\/plugins\/page-views-count\/ajax-loader-2x.gif\" border=0 \/><\/p><div class=\"pvc_clear\"><\/div>","protected":false},"excerpt":{"rendered":"<p>1591 Urodzi\u0142 si\u0119 mi\u0119dzy sierpniem a grudniem w Strachocinie ko\u0142o Sanoka 1606-1611 Uczy\u0142 si\u0119 w szkole jezuickiej w Braniewie. 1611-1613 31 lipca 1611 roku wst\u0105pi\u0142 do nowicjatu jezuit\u00f3w w Wilnie. Sukni\u0119 zakonn\u0105 otrzyma\u0142 10 sierpnia 1611, \u015bluby zakonne z\u0142o\u017cy\u0142 31 lipca 1613. 1613-1616 Studiowa\u0142 filozofi\u0119 w Akademii Wile\u0144skiej. 1616-1618 Odbywa\u0142 praktyk\u0119 pedagogiczn\u0105 w szko\u0142ach jezuickich &#8230; <span class=\"more\"><a class=\"more-link\" href=\"https:\/\/abobola.diecezja-pelplin.pl\/index.php\/wazniejsze-daty-z-zycia-i-dziejow-kultu-sw-andrzeja-boboli\/\">Czytaj wi\u0119cej&#8230;<\/a><\/span><\/p>\n<div class=\"pvc_clear\"><\/div>\n<p id=\"pvc_stats_310\" class=\"pvc_stats all  \" data-element-id=\"310\" style=\"\"><i class=\"pvc-stats-icon small\" aria-hidden=\"true\"><svg xmlns=\"http:\/\/www.w3.org\/2000\/svg\" version=\"1.0\" viewBox=\"0 0 502 315\" preserveAspectRatio=\"xMidYMid meet\"><g transform=\"translate(0,332) scale(0.1,-0.1)\" fill=\"\" stroke=\"none\"><path d=\"M2394 3279 l-29 -30 -3 -207 c-2 -182 0 -211 15 -242 39 -76 157 -76 196 0 15 31 17 60 15 243 l-3 209 -33 29 c-26 23 -41 29 -80 29 -41 0 -53 -5 -78 -31z\"\/><path d=\"M3085 3251 c-45 -19 -58 -50 -96 -229 -47 -217 -49 -260 -13 -295 52 -53 146 -42 177 20 16 31 87 366 87 410 0 70 -86 122 -155 94z\"\/><path d=\"M1751 3234 c-13 -9 -29 -31 -37 -50 -12 -29 -10 -49 21 -204 19 -94 39 -189 45 -210 14 -50 54 -80 110 -80 34 0 48 6 76 34 21 21 34 44 34 59 0 14 -18 113 -40 219 -37 178 -43 195 -70 221 -36 32 -101 37 -139 11z\"\/><path d=\"M1163 3073 c-36 -7 -73 -59 -73 -102 0 -56 133 -378 171 -413 34 -32 83 -37 129 -13 70 36 67 87 -16 290 -86 209 -89 214 -129 231 -35 14 -42 15 -82 7z\"\/><path d=\"M3689 3066 c-15 -9 -33 -30 -42 -48 -48 -103 -147 -355 -147 -375 0 -98 131 -148 192 -74 13 15 57 108 97 206 80 196 84 226 37 273 -30 30 -99 39 -137 18z\"\/><path d=\"M583 2784 c-38 -19 -67 -74 -58 -113 9 -42 211 -354 242 -373 16 -10 45 -18 66 -18 51 0 107 52 107 100 0 39 -1 41 -124 234 -80 126 -108 162 -133 173 -41 17 -61 16 -100 -3z\"\/><path d=\"M4250 2784 c-14 -9 -74 -91 -133 -183 -95 -150 -107 -173 -107 -213 0 -55 33 -94 87 -104 67 -13 90 8 211 198 130 202 137 225 78 284 -27 27 -42 34 -72 34 -22 0 -50 -8 -64 -16z\"\/><path d=\"M2275 2693 c-553 -48 -1095 -270 -1585 -649 -135 -104 -459 -423 -483 -476 -23 -49 -22 -139 2 -186 73 -142 361 -457 571 -626 285 -228 642 -407 990 -497 242 -63 336 -73 660 -74 310 0 370 5 595 52 535 111 1045 392 1455 803 122 121 250 273 275 326 19 41 19 137 0 174 -41 79 -309 363 -465 492 -447 370 -946 591 -1479 653 -113 14 -422 18 -536 8z m395 -428 c171 -34 330 -124 456 -258 112 -119 167 -219 211 -378 27 -96 24 -300 -5 -401 -72 -255 -236 -447 -474 -557 -132 -62 -201 -76 -368 -76 -167 0 -236 14 -368 76 -213 98 -373 271 -451 485 -162 444 86 934 547 1084 153 49 292 57 452 25z m909 -232 c222 -123 408 -262 593 -441 76 -74 138 -139 138 -144 0 -16 -233 -242 -330 -319 -155 -123 -309 -223 -461 -299 l-81 -41 32 46 c18 26 49 83 70 128 143 306 141 649 -6 957 -25 52 -61 116 -79 142 l-34 47 45 -20 c26 -10 76 -36 113 -56z m-2057 25 c-40 -58 -105 -190 -130 -263 -110 -324 -59 -707 132 -981 25 -35 42 -64 37 -64 -19 0 -241 119 -326 174 -188 122 -406 314 -532 468 l-58 71 108 103 c185 178 428 349 672 473 66 33 121 60 123 61 2 0 -10 -19 -26 -42z\"\/><path d=\"M2375 1950 c-198 -44 -350 -190 -395 -379 -18 -76 -8 -221 19 -290 114 -284 457 -406 731 -260 98 52 188 154 231 260 27 69 37 214 19 290 -38 163 -166 304 -326 360 -67 23 -215 33 -279 19z\"\/><\/g><\/svg><\/i> <img loading=\"lazy\" decoding=\"async\" width=\"16\" height=\"16\" alt=\"Loading\" src=\"https:\/\/abobola.diecezja-pelplin.pl\/wp-content\/plugins\/page-views-count\/ajax-loader-2x.gif\" border=0 \/><\/p>\n<div class=\"pvc_clear\"><\/div>\n","protected":false},"author":1,"featured_media":0,"parent":0,"menu_order":0,"comment_status":"closed","ping_status":"closed","template":"page-full-width.php","meta":{"footnotes":""},"class_list":["entry","page","publish","author-admin321","post-310"],"a3_pvc":{"activated":true,"total_views":3877,"today_views":1},"_links":{"self":[{"href":"https:\/\/abobola.diecezja-pelplin.pl\/index.php\/wp-json\/wp\/v2\/pages\/310","targetHints":{"allow":["GET"]}}],"collection":[{"href":"https:\/\/abobola.diecezja-pelplin.pl\/index.php\/wp-json\/wp\/v2\/pages"}],"about":[{"href":"https:\/\/abobola.diecezja-pelplin.pl\/index.php\/wp-json\/wp\/v2\/types\/page"}],"author":[{"embeddable":true,"href":"https:\/\/abobola.diecezja-pelplin.pl\/index.php\/wp-json\/wp\/v2\/users\/1"}],"replies":[{"embeddable":true,"href":"https:\/\/abobola.diecezja-pelplin.pl\/index.php\/wp-json\/wp\/v2\/comments?post=310"}],"version-history":[{"count":1,"href":"https:\/\/abobola.diecezja-pelplin.pl\/index.php\/wp-json\/wp\/v2\/pages\/310\/revisions"}],"predecessor-version":[{"id":311,"href":"https:\/\/abobola.diecezja-pelplin.pl\/index.php\/wp-json\/wp\/v2\/pages\/310\/revisions\/311"}],"wp:attachment":[{"href":"https:\/\/abobola.diecezja-pelplin.pl\/index.php\/wp-json\/wp\/v2\/media?parent=310"}],"curies":[{"name":"wp","href":"https:\/\/api.w.org\/{rel}","templated":true}]}}